CRAN Package Check Results for Package SDLfilter

Last updated on 2019-07-16 07:51:04 CEST.

Flavor Version Tinstall Tcheck Ttotal Status Flags
r-devel-linux-x86_64-debian-clang 1.2.1 19.27 150.97 170.24 OK
r-devel-linux-x86_64-debian-gcc 1.2.1 16.16 118.23 134.39 OK
r-devel-linux-x86_64-fedora-clang 1.2.1 202.66 NOTE
r-devel-linux-x86_64-fedora-gcc 1.2.1 197.74 NOTE
r-devel-windows-ix86+x86_64 1.2.1 65.00 248.00 313.00 OK
r-patched-linux-x86_64 1.2.1 18.15 148.09 166.24 OK
r-patched-solaris-x86 1.2.1 335.20 NOTE
r-release-linux-x86_64 1.2.1 18.99 146.46 165.45 OK
r-release-windows-ix86+x86_64 1.2.1 36.00 172.00 208.00 OK
r-release-osx-x86_64 1.2.1 NOTE
r-oldrel-windows-ix86+x86_64 1.2.1 40.00 184.00 224.00 OK
r-oldrel-osx-x86_64 1.2.1 NOTE

Check Details

Version: 1.2.1
Check: dependencies in R code
Result: NOTE
    Namespace in Imports field not imported from: ‘maps’
     All declared Imports should be used.
Flavors: r-devel-linux-x86_64-fedora-clang, r-devel-linux-x86_64-fedora-gcc, r-patched-solaris-x86, r-release-osx-x86_64, r-oldrel-osx-x86_64