CRAN Package Check Results for Package SIMMS

Last updated on 2021-10-22 07:51:58 CEST.

Flavor Version Tinstall Tcheck Ttotal Status Flags
r-devel-linux-x86_64-debian-clang 1.3.1 9.67 114.06 123.73 OK
r-devel-linux-x86_64-debian-gcc 1.3.1 9.51 92.46 101.97 OK
r-devel-linux-x86_64-fedora-clang 1.3.1 157.69 OK
r-devel-linux-x86_64-fedora-gcc 1.3.1 145.34 OK
r-devel-windows-x86_64 1.3.1 21.00 148.00 169.00 OK
r-devel-windows-x86_64-gcc10-UCRT 1.3.1 ERROR
r-patched-linux-x86_64 1.3.1 10.07 108.12 118.19 OK
r-patched-solaris-x86 1.3.1 186.70 OK
r-release-linux-x86_64 1.3.1 11.39 108.68 120.07 OK
r-release-macos-arm64 1.3.1 OK
r-release-macos-x86_64 1.3.1 OK
r-release-windows-ix86+x86_64 1.3.1 27.00 152.00 179.00 OK
r-oldrel-macos-x86_64 1.3.1 OK
r-oldrel-windows-ix86+x86_64 1.3.1 25.00 147.00 172.00 OK

Check Details

Version: 1.3.1
Check: package dependencies
Result: ERROR
    Package required but not available: 'randomForestSRC'
    
    See section 'The DESCRIPTION file' in the 'Writing R Extensions'
    manual.
Flavor: r-devel-windows-x86_64-gcc10-UCRT