CRAN Package Check Results for Package SMDIC

Last updated on 2021-10-24 07:57:34 CEST.

Flavor Version Tinstall Tcheck Ttotal Status Flags
r-devel-linux-x86_64-debian-clang 0.1.3 45.55 435.26 480.81 OK
r-devel-linux-x86_64-debian-gcc 0.1.3 35.22 332.38 367.60 OK
r-devel-linux-x86_64-fedora-clang 0.1.3 599.92 NOTE
r-devel-linux-x86_64-fedora-gcc 0.1.3 595.71 NOTE
r-devel-windows-x86_64 0.1.3 69.00 488.00 557.00 OK
r-devel-windows-x86_64-gcc10-UCRT 0.1.3 NOTE
r-patched-linux-x86_64 0.1.3 43.65 416.70 460.35 OK
r-patched-solaris-x86 0.1.3 863.50 NOTE
r-release-linux-x86_64 0.1.3 45.23 417.50 462.73 OK
r-release-macos-arm64 0.1.3 NOTE
r-release-macos-x86_64 0.1.3 ERROR
r-release-windows-ix86+x86_64 0.1.3 82.00 479.00 561.00 OK
r-oldrel-macos-x86_64 0.1.3 ERROR
r-oldrel-windows-ix86+x86_64 0.1.3 96.00 396.00 492.00 OK

Check Details

Version: 0.1.3
Check: dependencies in R code
Result: NOTE
    Namespace in Imports field not imported from: ‘quadprog’
     All declared Imports should be used.
Flavors: r-devel-linux-x86_64-fedora-clang, r-devel-linux-x86_64-fedora-gcc, r-devel-windows-x86_64-gcc10-UCRT, r-patched-solaris-x86, r-release-macos-arm64

Version: 0.1.3
Check: installed package size
Result: NOTE
     installed size is 5.0Mb
     sub-directories of 1Mb or more:
     data 2.1Mb
     extdata 1.6Mb
Flavor: r-patched-solaris-x86

Version: 0.1.3
Check: package dependencies
Result: ERROR
    Package required but not available: ‘maftools’
    
    See section ‘The DESCRIPTION file’ in the ‘Writing R Extensions’
    manual.
Flavors: r-release-macos-x86_64, r-oldrel-macos-x86_64