CRAN Package Check Results for Package SeqFeatR

Last updated on 2019-07-16 07:51:04 CEST.

Flavor Version Tinstall Tcheck Ttotal Status Flags
r-devel-linux-x86_64-debian-clang 0.3.1 36.78 210.32 247.10 NOTE
r-devel-linux-x86_64-debian-gcc 0.3.1 27.99 163.65 191.64 NOTE
r-devel-linux-x86_64-fedora-clang 0.3.1 294.61 NOTE
r-devel-linux-x86_64-fedora-gcc 0.3.1 297.00 NOTE
r-devel-windows-ix86+x86_64 0.3.1 72.00 306.00 378.00 OK
r-patched-linux-x86_64 0.3.1 36.04 207.39 243.43 OK
r-patched-solaris-x86 0.3.1 510.70 OK
r-release-linux-x86_64 0.3.1 35.67 208.35 244.02 OK
r-release-windows-ix86+x86_64 0.3.1 45.00 267.00 312.00 OK
r-release-osx-x86_64 0.3.1 ERROR
r-oldrel-windows-ix86+x86_64 0.3.1 49.00 249.00 298.00 OK
r-oldrel-osx-x86_64 0.3.1 OK

Check Details

Version: 0.3.1
Check: for non-standard things in the check directory
Result: NOTE
    Found the following files/directories:
     'assocpointpair_result.csv' 'foundereffectfinder_result.csv'
     'getfreqs_result.csv' 'getfreqs_result.png' 'orPlot.pdf1_1.pdf'
     'orPlot.pdf2_1.pdf' 'orPlot.pdf3_1.pdf' 'orPlot.pdf4_1.pdf'
     'orPlot.pdf5_1.pdf' 'orPlot.pdf6_1.pdf' 'orPlot.pdf7_1.pdf'
     'orPlot.pdf8_1.pdf' 'q-values_result.csv' 'rewritetuple_result.csv'
     'tartan_plot.pdf' 'vispair_plot.pdf' 'vispairfeat_plot.pdf'
     'volcano_plot.pdf'
Flavors: r-devel-linux-x86_64-debian-clang, r-devel-linux-x86_64-debian-gcc, r-devel-linux-x86_64-fedora-clang, r-devel-linux-x86_64-fedora-gcc

Version: 0.3.1
Check: package dependencies
Result: ERROR
    Packages required but not available: 'Biostrings', 'qvalue', 'widgetTools'
    
    See section ‘The DESCRIPTION file’ in the ‘Writing R Extensions’
    manual.
Flavor: r-release-osx-x86_64