CRAN Package Check Results for Package StMoSim

Last updated on 2019-07-16 07:51:06 CEST.

Flavor Version Tinstall Tcheck Ttotal Status Flags
r-devel-linux-x86_64-debian-clang 3.1.1 16.17 22.73 38.90 NOTE
r-devel-linux-x86_64-debian-gcc 3.1.1 12.50 18.88 31.38 NOTE
r-devel-linux-x86_64-fedora-clang 3.1.1 53.43 NOTE
r-devel-linux-x86_64-fedora-gcc 3.1.1 49.77 NOTE
r-devel-windows-ix86+x86_64 3.1.1 53.00 51.00 104.00 NOTE
r-patched-linux-x86_64 3.1.1 14.23 22.88 37.11 NOTE
r-patched-solaris-x86 3.1.1 71.00 NOTE
r-release-linux-x86_64 3.1.1 15.38 22.84 38.22 NOTE
r-release-windows-ix86+x86_64 3.1.1 39.00 68.00 107.00 NOTE
r-release-osx-x86_64 3.1.1 NOTE
r-oldrel-windows-ix86+x86_64 3.1.1 56.00 46.00 102.00 NOTE
r-oldrel-osx-x86_64 3.1.1 NOTE

Check Details

Version: 3.1.1
Check: for GNU extensions in Makefiles
Result: NOTE
    GNU make is a SystemRequirements.
Flavors: r-devel-linux-x86_64-debian-clang, r-devel-linux-x86_64-debian-gcc, r-devel-linux-x86_64-fedora-clang, r-devel-linux-x86_64-fedora-gcc, r-devel-windows-ix86+x86_64, r-patched-linux-x86_64, r-patched-solaris-x86, r-release-linux-x86_64, r-release-windows-ix86+x86_64, r-release-osx-x86_64, r-oldrel-windows-ix86+x86_64, r-oldrel-osx-x86_64