CRAN Package Check Results for Package SubgrPlots

Last updated on 2021-10-24 19:51:54 CEST.

Flavor Version Tinstall Tcheck Ttotal Status Flags
r-devel-linux-x86_64-debian-clang 0.1.3 30.71 308.06 338.77 OK
r-devel-linux-x86_64-debian-gcc 0.1.3 26.53 222.08 248.61 OK
r-devel-linux-x86_64-fedora-clang 0.1.3 406.71 NOTE
r-devel-linux-x86_64-fedora-gcc 0.1.3 400.12 NOTE
r-devel-windows-x86_64 0.1.3 50.00 371.00 421.00 OK
r-devel-windows-x86_64-gcc10-UCRT 0.1.3 NOTE
r-patched-linux-x86_64 0.1.3 31.43 294.05 325.48 OK
r-patched-solaris-x86 0.1.3 326.20 NOTE
r-release-linux-x86_64 0.1.3 29.50 289.72 319.22 OK
r-release-macos-arm64 0.1.3 NOTE
r-release-macos-x86_64 0.1.3 NOTE
r-release-windows-ix86+x86_64 0.1.3 43.00 569.00 612.00 OK
r-oldrel-macos-x86_64 0.1.3 NOTE
r-oldrel-windows-ix86+x86_64 0.1.3 60.00 367.00 427.00 OK

Check Details

Version: 0.1.3
Check: dependencies in R code
Result: NOTE
    Namespaces in Imports field not imported from:
     ‘UpSetR’ ‘alluvial’ ‘gridBase’
     All declared Imports should be used.
Flavors: r-devel-linux-x86_64-fedora-clang, r-devel-linux-x86_64-fedora-gcc, r-devel-windows-x86_64-gcc10-UCRT, r-patched-solaris-x86, r-release-macos-arm64, r-release-macos-x86_64, r-oldrel-macos-x86_64