CRAN Package Check Results for Package SurvCorr

Last updated on 2021-10-25 07:50:34 CEST.

Flavor Version Tinstall Tcheck Ttotal Status Flags
r-devel-linux-x86_64-debian-clang 1.0 10.13 107.52 117.65 NOTE
r-devel-linux-x86_64-debian-gcc 1.0 8.35 77.83 86.18 NOTE
r-devel-linux-x86_64-fedora-clang 1.0 151.73 NOTE
r-devel-linux-x86_64-fedora-gcc 1.0 136.26 NOTE
r-devel-windows-x86_64 1.0 17.00 92.00 109.00 NOTE
r-devel-windows-x86_64-gcc10-UCRT 1.0 NOTE
r-patched-linux-x86_64 1.0 10.09 100.33 110.42 NOTE
r-patched-solaris-x86 1.0 195.40 NOTE
r-release-linux-x86_64 1.0 9.43 99.79 109.22 NOTE
r-release-macos-arm64 1.0 NOTE
r-release-macos-x86_64 1.0 NOTE
r-release-windows-ix86+x86_64 1.0 19.00 125.00 144.00 NOTE
r-oldrel-macos-x86_64 1.0 NOTE
r-oldrel-windows-ix86+x86_64 1.0 26.00 147.00 173.00 NOTE

Check Details

Version: 1.0
Check: R code for possible problems
Result: NOTE
    pearson: no visible global function definition for 'cor'
    plot.survcorr: no visible global function definition for 'pnorm'
    plot.survcorr: no visible global function definition for 'par'
    plot.survcorr: no visible global function definition for 'points'
    survcorr: no visible global function definition for 'model.frame'
    survcorr: no visible global function definition for 'qnorm'
    survcorr: no visible global function definition for 'runif'
    survcorr: no visible global function definition for 'pnorm'
    survcorr: no visible global function definition for 'var'
    survcorr: no visible global function definition for 'qt'
    Undefined global functions or variables:
     cor model.frame par pnorm points qnorm qt runif var
    Consider adding
     importFrom("graphics", "par", "points")
     importFrom("stats", "cor", "model.frame", "pnorm", "qnorm", "qt",
     "runif", "var")
    to your NAMESPACE file.
Flavors: r-devel-linux-x86_64-debian-clang, r-devel-linux-x86_64-debian-gcc, r-devel-linux-x86_64-fedora-clang, r-devel-linux-x86_64-fedora-gcc, r-devel-windows-x86_64, r-devel-windows-x86_64-gcc10-UCRT, r-patched-linux-x86_64, r-patched-solaris-x86, r-release-linux-x86_64, r-release-macos-arm64, r-release-macos-x86_64, r-release-windows-ix86+x86_64, r-oldrel-macos-x86_64, r-oldrel-windows-ix86+x86_64