CRAN Package Check Results for Package TESS

Last updated on 2019-07-16 07:51:09 CEST.

Flavor Version Tinstall Tcheck Ttotal Status Flags
r-devel-linux-x86_64-debian-clang 2.1.0 23.59 124.28 147.87 NOTE
r-devel-linux-x86_64-debian-gcc 2.1.0 15.54 92.24 107.78 NOTE
r-devel-linux-x86_64-fedora-clang 2.1.0 182.76 NOTE
r-devel-linux-x86_64-fedora-gcc 2.1.0 175.90 NOTE
r-devel-windows-ix86+x86_64 2.1.0 49.00 238.00 287.00 OK
r-patched-linux-x86_64 2.1.0 20.20 117.85 138.05 OK
r-patched-solaris-x86 2.1.0 225.50 OK
r-release-linux-x86_64 2.1.0 20.09 117.37 137.46 OK
r-release-windows-ix86+x86_64 2.1.0 40.00 221.00 261.00 OK
r-release-osx-x86_64 2.1.0 OK
r-oldrel-windows-ix86+x86_64 2.1.0 54.00 209.00 263.00 OK
r-oldrel-osx-x86_64 2.1.0 OK

Check Details

Version: 2.1.0
Check: for non-standard things in the check directory
Result: NOTE
    Found the following files/directories:
     'ExtinctionRateChanges.txt' 'ExtinctionRates.txt'
     'MassExtinctionTimes.txt' 'SpeciationRateChanges.txt'
     'SpeciationRates.txt' 'SurvivalProbabilities.txt' 'analysis_conifer'
     'input_tree.tre' 'run_1' 'run_2' 'samples_numCategories.txt'
Flavors: r-devel-linux-x86_64-debian-clang, r-devel-linux-x86_64-debian-gcc, r-devel-linux-x86_64-fedora-clang, r-devel-linux-x86_64-fedora-gcc

Version: 2.1.0
Check: compiled code
Result: NOTE
    File ‘TESS/libs/TESS.so’:
     Found no calls to: ‘R_registerRoutines’, ‘R_useDynamicSymbols’
    
    It is good practice to register native routines and to disable symbol
    search.
    
    See ‘Writing portable packages’ in the ‘Writing R Extensions’ manual.
Flavors: r-devel-linux-x86_64-fedora-clang, r-devel-linux-x86_64-fedora-gcc