CRAN Package Check Results for Package TSCS

Last updated on 2019-07-16 07:51:10 CEST.

Flavor Version Tinstall Tcheck Ttotal Status Flags
r-devel-linux-x86_64-debian-clang 0.1.1 7.18 55.07 62.25 OK
r-devel-linux-x86_64-debian-gcc 0.1.1 6.17 42.82 48.99 OK
r-devel-linux-x86_64-fedora-clang 0.1.1 74.07 OK
r-devel-linux-x86_64-fedora-gcc 0.1.1 70.46 OK
r-devel-windows-ix86+x86_64 0.1.1 26.00 105.00 131.00 OK
r-patched-linux-x86_64 0.1.1 7.30 54.29 61.59 NOTE
r-patched-solaris-x86 0.1.1 110.50 OK
r-release-linux-x86_64 0.1.1 8.34 53.64 61.98 NOTE
r-release-windows-ix86+x86_64 0.1.1 16.00 68.00 84.00 OK
r-release-osx-x86_64 0.1.1 WARN
r-oldrel-windows-ix86+x86_64 0.1.1 21.00 64.00 85.00 OK
r-oldrel-osx-x86_64 0.1.1 OK

Check Details

Version: 0.1.1
Check: DESCRIPTION meta-information
Result: NOTE
    Dependence on R version ‘3.4.2’ not with patchlevel 0
Flavors: r-patched-linux-x86_64, r-release-linux-x86_64

Version: 0.1.1
Check: whether package can be installed
Result: WARN
    Found the following significant warnings:
     Warning: 'rgl_init' failed, running with rgl.useNULL = TRUE
Flavor: r-release-osx-x86_64