CRAN Package Check Results for Package TSTr

Last updated on 2019-07-16 07:51:10 CEST.

Flavor Version Tinstall Tcheck Ttotal Status Flags
r-devel-linux-x86_64-debian-clang 1.2 3.34 33.53 36.87 NOTE
r-devel-linux-x86_64-debian-gcc 1.2 2.55 26.06 28.61 NOTE
r-devel-linux-x86_64-fedora-clang 1.2 44.16 NOTE
r-devel-linux-x86_64-fedora-gcc 1.2 41.52 NOTE
r-devel-windows-ix86+x86_64 1.2 9.00 57.00 66.00 OK
r-patched-linux-x86_64 1.2 2.51 32.73 35.24 OK
r-patched-solaris-x86 1.2 66.90 OK
r-release-linux-x86_64 1.2 2.95 32.64 35.59 OK
r-release-windows-ix86+x86_64 1.2 6.00 57.00 63.00 OK
r-release-osx-x86_64 1.2 OK
r-oldrel-windows-ix86+x86_64 1.2 6.00 38.00 44.00 OK
r-oldrel-osx-x86_64 1.2 OK

Check Details

Version: 1.2
Check: for non-standard things in the check directory
Result: NOTE
    Found the following files/directories:
     'XMIwords.txt'
Flavors: r-devel-linux-x86_64-debian-clang, r-devel-linux-x86_64-debian-gcc, r-devel-linux-x86_64-fedora-clang, r-devel-linux-x86_64-fedora-gcc