CRAN Package Check Results for Package Temporal

Last updated on 2019-07-16 07:51:09 CEST.

Flavor Version Tinstall Tcheck Ttotal Status Flags
r-devel-linux-x86_64-debian-clang 0.1.1 44.40 41.59 85.99 OK
r-devel-linux-x86_64-debian-gcc 0.1.1 39.51 33.86 73.37 OK
r-devel-linux-x86_64-fedora-clang 0.1.1 117.91 NOTE
r-devel-linux-x86_64-fedora-gcc 0.1.1 119.20 OK
r-devel-windows-ix86+x86_64 0.1.1 104.00 105.00 209.00 OK
r-patched-linux-x86_64 0.1.1 47.59 43.40 90.99 OK
r-patched-solaris-x86 0.1.1 154.80 OK
r-release-linux-x86_64 0.1.1 46.51 43.34 89.85 OK
r-release-windows-ix86+x86_64 0.1.1 73.00 103.00 176.00 OK
r-release-osx-x86_64 0.1.1 NOTE
r-oldrel-windows-ix86+x86_64 0.1.1 94.00 79.00 173.00 OK
r-oldrel-osx-x86_64 0.1.1 NOTE

Check Details

Version: 0.1.1
Check: installed package size
Result: NOTE
     installed size is 16.0Mb
     sub-directories of 1Mb or more:
     libs 15.7Mb
Flavors: r-devel-linux-x86_64-fedora-clang, r-release-osx-x86_64, r-oldrel-osx-x86_64