CRAN Package Check Results for Package TwoArmSurvSim

Last updated on 2021-10-25 07:50:35 CEST.

Flavor Version Tinstall Tcheck Ttotal Status Flags
r-devel-linux-x86_64-debian-clang 0.2 11.12 95.88 107.00 NOTE
r-devel-linux-x86_64-debian-gcc 0.2 8.99 71.08 80.07 NOTE
r-devel-linux-x86_64-fedora-clang 0.2 138.71 NOTE
r-devel-linux-x86_64-fedora-gcc 0.2 124.30 NOTE
r-devel-windows-x86_64 0.2 17.00 117.00 134.00 NOTE
r-devel-windows-x86_64-gcc10-UCRT 0.2 NOTE
r-patched-linux-x86_64 0.2 10.43 89.91 100.34 NOTE
r-patched-solaris-x86 0.2 166.10 NOTE
r-release-linux-x86_64 0.2 10.43 89.83 100.26 NOTE
r-release-macos-arm64 0.2 NOTE
r-release-macos-x86_64 0.2 NOTE
r-release-windows-ix86+x86_64 0.2 20.00 116.00 136.00 NOTE
r-oldrel-macos-x86_64 0.2 OK
r-oldrel-windows-ix86+x86_64 0.2 24.00 117.00 141.00 OK

Check Details

Version: 0.2
Check: LazyData
Result: NOTE
     'LazyData' is specified without a 'data' directory
Flavors: r-devel-linux-x86_64-debian-clang, r-devel-linux-x86_64-debian-gcc, r-devel-linux-x86_64-fedora-clang, r-devel-linux-x86_64-fedora-gcc, r-devel-windows-x86_64, r-devel-windows-x86_64-gcc10-UCRT, r-patched-linux-x86_64, r-patched-solaris-x86, r-release-linux-x86_64, r-release-macos-arm64, r-release-macos-x86_64, r-release-windows-ix86+x86_64