CRAN Package Check Results for Package WDI

Last updated on 2019-07-16 07:51:11 CEST.

Flavor Version Tinstall Tcheck Ttotal Status Flags
r-devel-linux-x86_64-debian-clang 2.6.0 2.41 21.09 23.50 OK
r-devel-linux-x86_64-debian-gcc 2.6.0 1.99 17.52 19.51 OK
r-devel-linux-x86_64-fedora-clang 2.6.0 28.69 NOTE
r-devel-linux-x86_64-fedora-gcc 2.6.0 27.55 NOTE
r-devel-windows-ix86+x86_64 2.6.0 7.00 38.00 45.00 OK
r-patched-linux-x86_64 2.6.0 2.41 21.43 23.84 OK
r-patched-solaris-x86 2.6.0 53.10 NOTE
r-release-linux-x86_64 2.6.0 2.45 21.23 23.68 OK
r-release-windows-ix86+x86_64 2.6.0 5.00 50.00 55.00 OK
r-release-osx-x86_64 2.6.0 NOTE
r-oldrel-windows-ix86+x86_64 2.6.0 6.00 38.00 44.00 OK
r-oldrel-osx-x86_64 2.6.0 NOTE

Check Details

Version: 2.6.0
Check: data for non-ASCII characters
Result: NOTE
     Note: found 1442 marked UTF-8 strings
Flavors: r-devel-linux-x86_64-fedora-clang, r-devel-linux-x86_64-fedora-gcc, r-patched-solaris-x86, r-release-osx-x86_64, r-oldrel-osx-x86_64