CRAN Package Check Results for Package WLreg

Last updated on 2021-10-21 07:50:14 CEST.

Flavor Version Tinstall Tcheck Ttotal Status Flags
r-devel-linux-x86_64-debian-clang 1.0.0 8.92 62.47 71.39 NOTE
r-devel-linux-x86_64-debian-gcc 1.0.0 7.36 48.57 55.93 NOTE
r-devel-linux-x86_64-fedora-clang 1.0.0 96.73 NOTE
r-devel-linux-x86_64-fedora-gcc 1.0.0 85.67 NOTE
r-devel-windows-x86_64 1.0.0 13.00 84.00 97.00 NOTE
r-devel-windows-x86_64-gcc10-UCRT 1.0.0 NOTE
r-patched-linux-x86_64 1.0.0 8.54 61.09 69.63 NOTE
r-patched-solaris-x86 1.0.0 126.60 NOTE
r-release-linux-x86_64 1.0.0 7.69 60.35 68.04 NOTE
r-release-macos-arm64 1.0.0 NOTE
r-release-macos-x86_64 1.0.0 NOTE
r-release-windows-ix86+x86_64 1.0.0 16.00 116.00 132.00 NOTE
r-oldrel-macos-x86_64 1.0.0 OK
r-oldrel-windows-ix86+x86_64 1.0.0 21.00 113.00 134.00 OK

Check Details

Version: 1.0.0
Check: LazyData
Result: NOTE
     'LazyData' is specified without a 'data' directory
Flavors: r-devel-linux-x86_64-debian-clang, r-devel-linux-x86_64-debian-gcc, r-devel-linux-x86_64-fedora-clang, r-devel-linux-x86_64-fedora-gcc, r-devel-windows-x86_64, r-devel-windows-x86_64-gcc10-UCRT, r-patched-linux-x86_64, r-patched-solaris-x86, r-release-linux-x86_64, r-release-macos-arm64, r-release-macos-x86_64, r-release-windows-ix86+x86_64