CRAN Package Check Results for Package WRTDStidal

Last updated on 2021-10-24 19:51:57 CEST.

Flavor Version Tinstall Tcheck Ttotal Status Flags
r-devel-linux-x86_64-debian-clang 1.1.2 23.26 353.19 376.45 OK
r-devel-linux-x86_64-debian-gcc 1.1.2 18.94 261.90 280.84 OK
r-devel-linux-x86_64-fedora-clang 1.1.2 445.07 OK
r-devel-linux-x86_64-fedora-gcc 1.1.2 438.97 OK
r-devel-windows-x86_64 1.1.2 37.00 409.00 446.00 OK
r-devel-windows-x86_64-gcc10-UCRT 1.1.2 OK
r-patched-linux-x86_64 1.1.2 24.31 337.55 361.86 OK
r-patched-solaris-x86 1.1.2 372.40 NOTE
r-release-linux-x86_64 1.1.2 25.72 338.85 364.57 OK
r-release-macos-arm64 1.1.2 OK
r-release-macos-x86_64 1.1.2 WARN
r-release-windows-ix86+x86_64 1.1.2 38.00 413.00 451.00 OK
r-oldrel-macos-x86_64 1.1.2 WARN
r-oldrel-windows-ix86+x86_64 1.1.2 53.00 414.00 467.00 OK

Check Details

Version: 1.1.2
Check: installed package size
Result: NOTE
     installed size is 5.2Mb
     sub-directories of 1Mb or more:
     doc 3.9Mb
Flavor: r-patched-solaris-x86

Version: 1.1.2
Check: re-building of vignette outputs
Result: WARN
    Error(s) in re-building vignettes:
    --- re-building ‘overview.Rmd’ using rmarkdown
    Warning in engine$weave(file, quiet = quiet, encoding = enc) :
     Pandoc (>= 1.12.3) not available. Falling back to R Markdown v1.
    Loading required package: ggplot2
    `geom_smooth()` using method = 'loess' and formula 'y ~ x'
    Warning: Removed 10 rows containing non-finite values (stat_smooth).
    Warning: Removed 8 rows containing missing values (geom_point).
    Warning: Removed 5 row(s) containing missing values (geom_path).
    Warning: Removed 10 rows containing missing values (geom_point).
    
    Attaching package: 'dplyr'
    
    The following objects are masked from 'package:stats':
    
     filter, lag
    
    The following objects are masked from 'package:base':
    
     intersect, setdiff, setequal, union
    
    
    Attaching package: 'plotly'
    
    The following object is masked from 'package:ggplot2':
    
     last_plot
    
    The following object is masked from 'package:stats':
    
     filter
    
    The following object is masked from 'package:graphics':
    
     layout
    
    PhantomJS not found. You can install it with webshot::install_phantomjs(). If it is installed, please make sure the phantomjs executable can be found via the PATH variable.
    PhantomJS not found. You can install it with webshot::install_phantomjs(). If it is installed, please make sure the phantomjs executable can be found via the PATH variable.
    Quitting from lines 214-234 (overview.Rmd)
    Error: processing vignette 'overview.Rmd' failed with diagnostics:
    invalid 'path' argument
    --- failed re-building ‘overview.Rmd’
    
    SUMMARY: processing the following file failed:
     ‘overview.Rmd’
    
    Error: Vignette re-building failed.
    Execution halted
Flavor: r-release-macos-x86_64

Version: 1.1.2
Check: re-building of vignette outputs
Result: WARN
    Error(s) in re-building vignettes:
    --- re-building ‘overview.Rmd’ using rmarkdown
    Warning in engine$weave(file, quiet = quiet, encoding = enc) :
     Pandoc (>= 1.12.3) and/or pandoc-citeproc not available. Falling back to R Markdown v1.
    Loading required package: ggplot2
    `geom_smooth()` using method = 'loess' and formula 'y ~ x'
    Warning: Removed 10 rows containing non-finite values (stat_smooth).
    Warning: Removed 8 rows containing missing values (geom_point).
    Warning: Removed 5 row(s) containing missing values (geom_path).
    Warning: Removed 10 rows containing missing values (geom_point).
    
    Attaching package: 'dplyr'
    
    The following objects are masked from 'package:stats':
    
     filter, lag
    
    The following objects are masked from 'package:base':
    
     intersect, setdiff, setequal, union
    
    
    Attaching package: 'plotly'
    
    The following object is masked from 'package:ggplot2':
    
     last_plot
    
    The following object is masked from 'package:stats':
    
     filter
    
    The following object is masked from 'package:graphics':
    
     layout
    
    PhantomJS not found. You can install it with webshot::install_phantomjs(). If it is installed, please make sure the phantomjs executable can be found via the PATH variable.
    Warning in normalizePath(f2) :
     path[1]="webshot110e5d4f60a.png": No such file or directory
    Warning in file(con, "rb") :
     cannot open file 'webshot110e5d4f60a.png': No such file or directory
    Quitting from lines 214-234 (overview.Rmd)
    Error: processing vignette 'overview.Rmd' failed with diagnostics:
    cannot open the connection
    --- failed re-building ‘overview.Rmd’
    
    SUMMARY: processing the following file failed:
     ‘overview.Rmd’
    
    Error: Vignette re-building failed.
    Execution halted
Flavor: r-oldrel-macos-x86_64