CRAN Package Check Results for Package XML

Last updated on 2021-11-28 19:49:10 CET.

Flavor Version Tinstall Tcheck Ttotal Status Flags
r-devel-linux-x86_64-debian-clang 3.99-0.8 OK
r-devel-linux-x86_64-debian-gcc 3.99-0.8 19.74 62.36 82.10 OK
r-devel-linux-x86_64-fedora-clang 3.99-0.8 145.93 OK
r-devel-linux-x86_64-fedora-gcc 3.99-0.8 134.45 OK
r-devel-windows-x86_64-new-UL 3.99-0.8 54.00 193.00 247.00 WARN
r-devel-windows-x86_64-new-TK 3.99-0.8 WARN
r-devel-windows-x86_64-old 3.99-0.8 42.00 128.00 170.00 WARN
r-patched-linux-x86_64 3.99-0.8 27.73 79.33 107.06 OK
r-patched-solaris-x86 3.99-0.8 160.30 OK
r-release-linux-x86_64 3.99-0.8 22.85 80.36 103.21 OK
r-release-macos-arm64 3.99-0.8 NOTE
r-release-macos-x86_64 3.99-0.8 NOTE
r-release-windows-ix86+x86_64 3.99-0.8 48.00 126.00 174.00 NOTE
r-oldrel-macos-x86_64 3.99-0.8 NOTE
r-oldrel-windows-ix86+x86_64 3.99-0.8 61.00 105.00 166.00 NOTE

Check Details

Version: 3.99-0.8
Check: installed package size
Result: NOTE
     installed size is 5.2Mb
     sub-directories of 1Mb or more:
     exampleData 1.3Mb
     libs 2.2Mb
Flavors: r-devel-windows-x86_64-new-UL, r-devel-windows-x86_64-old, r-release-macos-arm64, r-release-macos-x86_64, r-release-windows-ix86+x86_64, r-oldrel-macos-x86_64, r-oldrel-windows-ix86+x86_64

Version: 3.99-0.8
Check: PDF version of manual
Result: WARN
    LaTeX errors when creating PDF version.
    This typically indicates Rd problems.
    LaTeX errors found:
    ! xmlSApply(node, function(x)
     []
    
    [142] [143]
    Package textcomp Info: Symbol \textasciigrave not provided by
Flavors: r-devel-windows-x86_64-new-UL, r-devel-windows-x86_64-new-TK

Version: 3.99-0.8
Check: PDF version of manual
Result: WARN
    LaTeX errors when creating PDF version.
    This typically indicates Rd problems.
    LaTeX errors found:
    ! xmlSApply(node, function(x)
     []
    
    [142] [143]
    Underfull \vbox (badness 10000) has occurred while \output is active []
Flavor: r-devel-windows-x86_64-old