CRAN Package Check Results for Package afthd

Last updated on 2021-10-17 19:48:24 CEST.

Flavor Version Tinstall Tcheck Ttotal Status Flags
r-devel-linux-x86_64-debian-clang 1.1.0 16.61 162.25 178.86 OK
r-devel-linux-x86_64-debian-gcc 1.1.0 13.36 118.00 131.36 OK
r-devel-linux-x86_64-fedora-clang 1.1.0 220.82 OK
r-devel-linux-x86_64-fedora-gcc 1.1.0 217.07 OK
r-devel-windows-x86_64 1.1.0 23.00 189.00 212.00 OK
r-devel-windows-x86_64-gcc10-UCRT 1.1.0 OK
r-patched-linux-x86_64 1.1.0 14.40 152.84 167.24 OK
r-patched-solaris-x86 1.1.0 270.80 ERROR
r-release-linux-x86_64 1.1.0 13.41 151.34 164.75 OK
r-release-macos-arm64 1.1.0 OK
r-release-macos-x86_64 1.1.0 OK
r-release-windows-ix86+x86_64 1.1.0 34.00 187.00 221.00 OK
r-oldrel-macos-x86_64 1.1.0 OK
r-oldrel-windows-ix86+x86_64 1.1.0 34.00 192.00 226.00 OK

Check Details

Version: 1.1.0
Check: examples
Result: ERROR
    Running examples in ‘afthd-Ex.R’ failed
    The error most likely occurred in:
    
    > ### Name: rglwbysm
    > ### Title: Bayesian multivariate analysis of AFT model for selected
    > ### covariates using regularization method.
    > ### Aliases: rglwbysm
    >
    > ### ** Examples
    >
    > ##
    > data(hdata)
    > set.seed(1000)
    > rglwbysm(9,45,STime="os",Event="death",2,10,1,hdata)
    Warning: from glmnet Fortran code (error code -30000); Numerical error at 0th lambda value; solutions for larger values of lambda returned
    Warning in getcoef(fit, nvars, nx, vnames) :
     an empty model has been returned; probably a convergence issue
    Warning: from glmnet Fortran code (error code -30000); Numerical error at 0th lambda value; solutions for larger values of lambda returned
    Warning in getcoef(fit, nvars, nx, vnames) :
     an empty model has been returned; probably a convergence issue
    Warning: from glmnet Fortran code (error code -30000); Numerical error at 0th lambda value; solutions for larger values of lambda returned
    Warning in getcoef(fit, nvars, nx, vnames) :
     an empty model has been returned; probably a convergence issue
    Warning: from glmnet Fortran code (error code -30000); Numerical error at 0th lambda value; solutions for larger values of lambda returned
    Warning in getcoef(fit, nvars, nx, vnames) :
     an empty model has been returned; probably a convergence issue
    Warning: from glmnet Fortran code (error code -30000); Numerical error at 0th lambda value; solutions for larger values of lambda returned
    Warning in getcoef(fit, nvars, nx, vnames) :
     an empty model has been returned; probably a convergence issue
    Warning: from glmnet Fortran code (error code -30000); Numerical error at 0th lambda value; solutions for larger values of lambda returned
    Warning in getcoef(fit, nvars, nx, vnames) :
     an empty model has been returned; probably a convergence issue
    Warning: from glmnet Fortran code (error code -30000); Numerical error at 0th lambda value; solutions for larger values of lambda returned
    Warning in getcoef(fit, nvars, nx, vnames) :
     an empty model has been returned; probably a convergence issue
    Warning: from glmnet Fortran code (error code -30000); Numerical error at 0th lambda value; solutions for larger values of lambda returned
    Warning in getcoef(fit, nvars, nx, vnames) :
     an empty model has been returned; probably a convergence issue
    Warning: from glmnet Fortran code (error code -30000); Numerical error at 0th lambda value; solutions for larger values of lambda returned
    Warning in getcoef(fit, nvars, nx, vnames) :
     an empty model has been returned; probably a convergence issue
    Warning: from glmnet Fortran code (error code -30000); Numerical error at 0th lambda value; solutions for larger values of lambda returned
    Warning in getcoef(fit, nvars, nx, vnames) :
     an empty model has been returned; probably a convergence issue
    Warning: from glmnet Fortran code (error code -30000); Numerical error at 0th lambda value; solutions for larger values of lambda returned
    Warning in getcoef(fit, nvars, nx, vnames) :
     an empty model has been returned; probably a convergence issue
    Error in rglwbysm(9, 45, STime = "os", Event = "death", 2, 10, 1, hdata) :
     Increase number of variables, chosen are not sufficient for variable selection using regularization
    Execution halted
Flavor: r-patched-solaris-x86