CRAN Package Check Results for Package autohd

Last updated on 2021-10-24 07:57:12 CEST.

Flavor Version Tinstall Tcheck Ttotal Status Flags
r-devel-linux-x86_64-debian-clang 0.1.0 17.48 126.98 144.46 OK
r-devel-linux-x86_64-debian-gcc 0.1.0 13.08 93.19 106.27 OK
r-devel-linux-x86_64-fedora-clang 0.1.0 176.38 NOTE
r-devel-linux-x86_64-fedora-gcc 0.1.0 162.06 NOTE
r-devel-windows-x86_64 0.1.0 26.00 154.00 180.00 OK
r-devel-windows-x86_64-gcc10-UCRT 0.1.0 NOTE
r-patched-linux-x86_64 0.1.0 14.90 119.84 134.74 OK
r-patched-solaris-x86 0.1.0 235.80 NOTE
r-release-linux-x86_64 0.1.0 15.08 119.13 134.21 OK
r-release-macos-arm64 0.1.0 NOTE
r-release-macos-x86_64 0.1.0 NOTE
r-release-windows-ix86+x86_64 0.1.0 25.00 135.00 160.00 OK
r-oldrel-macos-x86_64 0.1.0 NOTE
r-oldrel-windows-ix86+x86_64 0.1.0 36.00 151.00 187.00 OK

Check Details

Version: 0.1.0
Check: dependencies in R code
Result: NOTE
    Namespaces in Imports field not imported from:
     ‘Hmisc’ ‘broom’ ‘tibble’ ‘usethis’
     All declared Imports should be used.
Flavors: r-devel-linux-x86_64-fedora-clang, r-devel-linux-x86_64-fedora-gcc, r-devel-windows-x86_64-gcc10-UCRT, r-patched-solaris-x86, r-release-macos-arm64, r-release-macos-x86_64, r-oldrel-macos-x86_64