CRAN Package Check Results for Package bayesvl

Last updated on 2019-07-16 07:50:37 CEST.

Flavor Version Tinstall Tcheck Ttotal Status Flags
r-devel-linux-x86_64-debian-clang 0.8.5 10.22 58.73 68.95 OK
r-devel-linux-x86_64-debian-gcc 0.8.5 9.15 45.88 55.03 OK
r-devel-linux-x86_64-fedora-clang 0.8.5 86.31 NOTE
r-devel-linux-x86_64-fedora-gcc 0.8.5 79.64 NOTE
r-devel-windows-ix86+x86_64 0.8.5 30.00 103.00 133.00 OK
r-patched-linux-x86_64 0.8.5 9.37 57.63 67.00 OK
r-patched-solaris-x86 0.8.5 137.60 NOTE
r-release-linux-x86_64 0.8.5 10.44 57.01 67.45 OK
r-release-windows-ix86+x86_64 0.8.5 20.00 69.00 89.00 OK
r-release-osx-x86_64 0.8.5 NOTE
r-oldrel-windows-ix86+x86_64 0.8.5 20.00 109.00 129.00 OK
r-oldrel-osx-x86_64 0.8.5 NOTE

Check Details

Version: 0.8.5
Check: dependencies in R code
Result: NOTE
    Namespace in Imports field not imported from: ‘dplyr’
     All declared Imports should be used.
Flavors: r-devel-linux-x86_64-fedora-clang, r-devel-linux-x86_64-fedora-gcc, r-patched-solaris-x86, r-release-osx-x86_64, r-oldrel-osx-x86_64