CRAN Package Check Results for Package bcfrailph

Last updated on 2021-10-21 07:49:48 CEST.

Flavor Version Tinstall Tcheck Ttotal Status Flags
r-devel-linux-x86_64-debian-clang 0.1.0 9.70 79.72 89.42 NOTE
r-devel-linux-x86_64-debian-gcc 0.1.0 9.04 60.96 70.00 NOTE
r-devel-linux-x86_64-fedora-clang 0.1.0 118.98 NOTE
r-devel-linux-x86_64-fedora-gcc 0.1.0 107.82 NOTE
r-devel-windows-x86_64 0.1.0 16.00 103.00 119.00 NOTE
r-devel-windows-x86_64-gcc10-UCRT 0.1.0 NOTE
r-patched-linux-x86_64 0.1.0 9.60 78.26 87.86 NOTE
r-patched-solaris-x86 0.1.0 161.00 NOTE
r-release-linux-x86_64 0.1.0 11.55 76.61 88.16 NOTE
r-release-macos-arm64 0.1.0 NOTE
r-release-macos-x86_64 0.1.0 NOTE
r-release-windows-ix86+x86_64 0.1.0 16.00 104.00 120.00 NOTE
r-oldrel-macos-x86_64 0.1.0 OK
r-oldrel-windows-ix86+x86_64 0.1.0 21.00 101.00 122.00 OK

Check Details

Version: 0.1.0
Check: LazyData
Result: NOTE
     'LazyData' is specified without a 'data' directory
Flavors: r-devel-linux-x86_64-debian-clang, r-devel-linux-x86_64-debian-gcc, r-devel-linux-x86_64-fedora-clang, r-devel-linux-x86_64-fedora-gcc, r-devel-windows-x86_64, r-devel-windows-x86_64-gcc10-UCRT, r-patched-linux-x86_64, r-patched-solaris-x86, r-release-linux-x86_64, r-release-macos-arm64, r-release-macos-x86_64, r-release-windows-ix86+x86_64