CRAN Package Check Results for Package bcfrailphdv

Last updated on 2021-10-21 07:49:48 CEST.

Flavor Version Tinstall Tcheck Ttotal Status Flags
r-devel-linux-x86_64-debian-clang 0.1.0 18.11 132.23 150.34 NOTE
r-devel-linux-x86_64-debian-gcc 0.1.0 16.16 99.73 115.89 NOTE
r-devel-linux-x86_64-fedora-clang 0.1.0 194.57 NOTE
r-devel-linux-x86_64-fedora-gcc 0.1.0 183.91 NOTE
r-devel-windows-x86_64 0.1.0 32.00 159.00 191.00 NOTE
r-devel-windows-x86_64-gcc10-UCRT 0.1.0 NOTE
r-patched-linux-x86_64 0.1.0 19.59 130.06 149.65 NOTE
r-patched-solaris-x86 0.1.0 307.10 NOTE
r-release-linux-x86_64 0.1.0 17.42 129.49 146.91 NOTE
r-release-macos-arm64 0.1.0 NOTE
r-release-macos-x86_64 0.1.0 NOTE
r-release-windows-ix86+x86_64 0.1.0 32.00 159.00 191.00 NOTE
r-oldrel-macos-x86_64 0.1.0 OK
r-oldrel-windows-ix86+x86_64 0.1.0 36.00 156.00 192.00 OK

Check Details

Version: 0.1.0
Check: LazyData
Result: NOTE
     'LazyData' is specified without a 'data' directory
Flavors: r-devel-linux-x86_64-debian-clang, r-devel-linux-x86_64-debian-gcc, r-devel-linux-x86_64-fedora-clang, r-devel-linux-x86_64-fedora-gcc, r-devel-windows-x86_64, r-devel-windows-x86_64-gcc10-UCRT, r-patched-linux-x86_64, r-patched-solaris-x86, r-release-linux-x86_64, r-release-macos-arm64, r-release-macos-x86_64, r-release-windows-ix86+x86_64