CRAN Package Check Results for Package bestridge

Last updated on 2021-10-16 07:48:59 CEST.

Flavor Version Tinstall Tcheck Ttotal Status Flags
r-devel-linux-x86_64-debian-clang 1.0.7 330.00 83.50 413.50 OK
r-devel-linux-x86_64-debian-gcc 1.0.7 339.33 87.49 426.82 OK
r-devel-linux-x86_64-fedora-clang 1.0.7 633.49 NOTE
r-devel-linux-x86_64-fedora-gcc 1.0.7 705.33 OK
r-devel-windows-x86_64 1.0.7 496.00 149.00 645.00 OK
r-devel-windows-x86_64-gcc10-UCRT 1.0.7 OK
r-patched-linux-x86_64 1.0.7 390.83 106.38 497.21 OK
r-patched-solaris-x86 1.0.7 637.60 OK
r-release-linux-x86_64 1.0.7 379.92 106.63 486.55 OK
r-release-macos-arm64 1.0.6 NOTE
r-release-macos-x86_64 1.0.7 NOTE
r-release-windows-ix86+x86_64 1.0.7 672.00 154.00 826.00 NOTE
r-oldrel-macos-x86_64 1.0.7 NOTE
r-oldrel-windows-ix86+x86_64 1.0.6 963.00 191.00 1154.00 NOTE

Check Details

Version: 1.0.7
Check: installed package size
Result: NOTE
     installed size is 62.0Mb
     sub-directories of 1Mb or more:
     data 2.7Mb
     libs 58.7Mb
Flavors: r-devel-linux-x86_64-fedora-clang, r-release-macos-x86_64, r-release-windows-ix86+x86_64, r-oldrel-macos-x86_64

Version: 1.0.6
Check: installed package size
Result: NOTE
     installed size is 63.4Mb
     sub-directories of 1Mb or more:
     data 2.7Mb
     libs 60.1Mb
Flavors: r-release-macos-arm64, r-oldrel-windows-ix86+x86_64