CRAN Package Check Results for Package bioplots

Last updated on 2019-07-16 07:50:38 CEST.

Flavor Version Tinstall Tcheck Ttotal Status Flags
r-devel-linux-x86_64-debian-clang 0.0.1 3.39 35.06 38.45 NOTE
r-devel-linux-x86_64-debian-gcc 0.0.1 2.73 27.42 30.15 NOTE
r-devel-linux-x86_64-fedora-clang 0.0.1 44.59 NOTE
r-devel-linux-x86_64-fedora-gcc 0.0.1 42.48 NOTE
r-devel-windows-ix86+x86_64 0.0.1 20.00 73.00 93.00 NOTE
r-patched-linux-x86_64 0.0.1 3.59 33.70 37.29 NOTE
r-patched-solaris-x86 0.0.1 75.90 NOTE
r-release-linux-x86_64 0.0.1 3.66 33.90 37.56 NOTE
r-release-windows-ix86+x86_64 0.0.1 9.00 93.00 102.00 NOTE
r-release-osx-x86_64 0.0.1 NOTE
r-oldrel-windows-ix86+x86_64 0.0.1 17.00 50.00 67.00 NOTE
r-oldrel-osx-x86_64 0.0.1 NOTE

Check Details

Version: 0.0.1
Check: files in ‘vignettes’
Result: NOTE
    Package has no Sweave vignette sources and no VignetteBuilder field.
Flavors: r-devel-linux-x86_64-debian-clang, r-devel-linux-x86_64-debian-gcc, r-devel-linux-x86_64-fedora-clang, r-devel-linux-x86_64-fedora-gcc, r-devel-windows-ix86+x86_64, r-patched-linux-x86_64, r-patched-solaris-x86, r-release-linux-x86_64, r-release-windows-ix86+x86_64, r-release-osx-x86_64, r-oldrel-windows-ix86+x86_64, r-oldrel-osx-x86_64