CRAN Package Check Results for Package biostat3

Last updated on 2021-10-19 07:49:29 CEST.

Flavor Version Tinstall Tcheck Ttotal Status Flags
r-devel-linux-x86_64-debian-clang 0.1.5 11.48 90.43 101.91 OK
r-devel-linux-x86_64-debian-gcc 0.1.5 10.17 67.56 77.73 OK
r-devel-linux-x86_64-fedora-clang 0.1.5 130.25 NOTE
r-devel-linux-x86_64-fedora-gcc 0.1.5 116.44 OK
r-devel-windows-x86_64 0.1.5 18.00 113.00 131.00 NOTE
r-devel-windows-x86_64-gcc10-UCRT 0.1.5 OK
r-patched-linux-x86_64 0.1.5 15.34 83.83 99.17 OK
r-patched-solaris-x86 0.1.5 180.00 NOTE
r-release-linux-x86_64 0.1.5 11.24 84.33 95.57 OK
r-release-macos-arm64 0.1.5 NOTE
r-release-macos-x86_64 0.1.5 NOTE
r-release-windows-ix86+x86_64 0.1.5 26.00 117.00 143.00 NOTE
r-oldrel-macos-x86_64 0.1.5 NOTE
r-oldrel-windows-ix86+x86_64 0.1.5 29.00 113.00 142.00 NOTE

Check Details

Version: 0.1.5
Check: installed package size
Result: NOTE
     installed size is 6.2Mb
     sub-directories of 1Mb or more:
     doc 5.6Mb
Flavors: r-devel-linux-x86_64-fedora-clang, r-devel-windows-x86_64, r-patched-solaris-x86, r-release-macos-arm64, r-release-macos-x86_64, r-release-windows-ix86+x86_64, r-oldrel-macos-x86_64, r-oldrel-windows-ix86+x86_64