CRAN Package Check Results for Package bipartite

Last updated on 2019-07-16 07:50:38 CEST.

Flavor Version Tinstall Tcheck Ttotal Status Flags
r-devel-linux-x86_64-debian-clang 2.13 26.16 205.88 232.04 OK
r-devel-linux-x86_64-debian-gcc 2.13 21.39 154.55 175.94 OK
r-devel-linux-x86_64-fedora-clang 2.13 271.47 OK
r-devel-linux-x86_64-fedora-gcc 2.13 263.77 OK
r-devel-windows-ix86+x86_64 2.13 71.00 364.00 435.00 NOTE
r-patched-linux-x86_64 2.13 25.09 201.46 226.55 OK
r-patched-solaris-x86 2.13 344.10 OK
r-release-linux-x86_64 2.13 23.06 201.18 224.24 OK
r-release-windows-ix86+x86_64 2.13 47.00 344.00 391.00 NOTE
r-release-osx-x86_64 2.13 OK
r-oldrel-windows-ix86+x86_64 2.13 52.00 231.00 283.00 NOTE
r-oldrel-osx-x86_64 2.13 OK

Additional issues

LTO

Check Details

Version: 2.13
Check: installed package size
Result: NOTE
     installed size is 5.4Mb
     sub-directories of 1Mb or more:
     doc 2.9Mb
     libs 1.5Mb
Flavors: r-devel-windows-ix86+x86_64, r-release-windows-ix86+x86_64, r-oldrel-windows-ix86+x86_64