CRAN Package Check Results for Package checkmate

Last updated on 2019-07-16 07:50:39 CEST.

Flavor Version Tinstall Tcheck Ttotal Status Flags
r-devel-linux-x86_64-debian-clang 1.9.4 9.02 60.77 69.79 OK
r-devel-linux-x86_64-debian-gcc 1.9.4 6.35 47.46 53.81 OK
r-devel-linux-x86_64-fedora-clang 1.9.4 85.94 OK
r-devel-linux-x86_64-fedora-gcc 1.9.4 102.85 OK
r-devel-windows-ix86+x86_64 1.9.4 39.00 127.00 166.00 OK
r-patched-linux-x86_64 1.9.4 8.13 59.82 67.95 OK
r-patched-solaris-x86 1.9.4 129.60 ERROR
r-release-linux-x86_64 1.9.4 8.38 60.39 68.77 OK
r-release-windows-ix86+x86_64 1.9.4 31.00 130.00 161.00 OK
r-release-osx-x86_64 1.9.4 OK
r-oldrel-windows-ix86+x86_64 1.9.4 33.00 110.00 143.00 OK
r-oldrel-osx-x86_64 1.9.4 OK

Check Details

Version: 1.9.4
Check: tests
Result: ERROR
     Running ‘test-all.R’
    Running the tests in ‘tests/test-all.R’ failed.
    Complete output:
     > library(testthat)
     > test_check("checkmate")
     Loading required package: checkmate
     ── 1. Failure: checkNames (@test_checkNames.R#34) ─────────────────────────────
     testNames("ä", type = "strict") isn't false.
    
     ── 2. Failure: checkNames (@test_checkNames.R#35) ─────────────────────────────
     testNames("ä", type = "ids") isn't false.
    
     ══ testthat results ═══════════════════════════════════════════════════════════
     OK: 2935 SKIPPED: 1 WARNINGS: 0 FAILED: 2
     1. Failure: checkNames (@test_checkNames.R#34)
     2. Failure: checkNames (@test_checkNames.R#35)
    
     Error: testthat unit tests failed
     Execution halted
Flavor: r-patched-solaris-x86