CRAN Package Check Results for Package ciTools

Last updated on 2021-10-26 06:50:18 CEST.

Flavor Version Tinstall Tcheck Ttotal Status Flags
r-devel-linux-x86_64-debian-clang 0.6.1 13.03 271.34 284.37 NOTE
r-devel-linux-x86_64-debian-gcc 0.6.1 11.64 201.82 213.46 NOTE
r-devel-linux-x86_64-fedora-clang 0.6.1 336.23 NOTE
r-devel-linux-x86_64-fedora-gcc 0.6.1 323.18 NOTE
r-devel-windows-x86_64 0.6.1 20.00 323.00 343.00 NOTE
r-devel-windows-x86_64-gcc10-UCRT 0.6.1 NOTE
r-patched-linux-x86_64 0.6.1 14.21 270.03 284.24 NOTE
r-patched-solaris-x86 0.6.1 261.60 NOTE
r-release-linux-x86_64 0.6.1 13.13 271.06 284.19 NOTE
r-release-macos-arm64 0.6.1 NOTE
r-release-macos-x86_64 0.6.1 NOTE
r-release-windows-ix86+x86_64 0.6.1 19.00 280.00 299.00 NOTE
r-oldrel-macos-x86_64 0.6.1 OK
r-oldrel-windows-ix86+x86_64 0.6.1 34.00 354.00 388.00 OK

Check Details

Version: 0.6.1
Check: LazyData
Result: NOTE
     'LazyData' is specified without a 'data' directory
Flavors: r-devel-linux-x86_64-debian-clang, r-devel-linux-x86_64-debian-gcc, r-devel-linux-x86_64-fedora-clang, r-devel-linux-x86_64-fedora-gcc, r-devel-windows-x86_64, r-devel-windows-x86_64-gcc10-UCRT, r-patched-linux-x86_64, r-patched-solaris-x86, r-release-linux-x86_64, r-release-macos-arm64, r-release-macos-x86_64, r-release-windows-ix86+x86_64