CRAN Package Check Results for Package cleaner

Last updated on 2021-11-26 19:52:46 CET.

Flavor Version Tinstall Tcheck Ttotal Status Flags
r-devel-linux-x86_64-debian-clang 1.5.3 4.77 42.57 47.34 OK
r-devel-linux-x86_64-debian-gcc 1.5.3 3.96 32.18 36.14 OK
r-devel-linux-x86_64-fedora-clang 1.5.3 70.24 OK
r-devel-linux-x86_64-fedora-gcc 1.5.3 60.29 OK
r-devel-windows-x86_64-new-UL 1.5.3 12.00 78.00 90.00 WARN
r-devel-windows-x86_64-new-TK 1.5.3 WARN
r-devel-windows-x86_64-old 1.5.3 6.00 56.00 62.00 WARN
r-patched-linux-x86_64 1.5.3 4.99 39.63 44.62 OK
r-patched-solaris-x86 1.5.3 81.20 OK
r-release-linux-x86_64 1.5.3 OK
r-release-macos-arm64 1.5.3 OK
r-release-macos-x86_64 1.5.3 OK
r-release-windows-ix86+x86_64 1.5.3 10.00 50.00 60.00 OK
r-oldrel-macos-x86_64 1.5.3 OK
r-oldrel-windows-ix86+x86_64 1.5.3 8.00 66.00 74.00 WARN

Check Details

Version: 1.5.3
Check: R files for syntax errors
Result: WARN
    Warnings in file 'R/currency.R':
     unable to translate '<U+20AC>' to native encoding
     unable to translate '<U+00A5>' to native encoding
     unable to translate '<U+00A3>' to native encoding
Flavors: r-devel-windows-x86_64-new-UL, r-devel-windows-x86_64-new-TK, r-devel-windows-x86_64-old, r-oldrel-windows-ix86+x86_64