CRAN Package Check Results for Package clustcurv

Last updated on 2021-10-24 19:51:32 CEST.

Flavor Version Tinstall Tcheck Ttotal Status Flags
r-devel-linux-x86_64-debian-clang 2.0.1 12.72 404.44 417.16 OK
r-devel-linux-x86_64-debian-gcc 2.0.1 9.41 280.29 289.70 OK
r-devel-linux-x86_64-fedora-clang 2.0.1 473.15 OK
r-devel-linux-x86_64-fedora-gcc 2.0.1 467.89 OK
r-devel-windows-x86_64 2.0.1 19.00 462.00 481.00 OK
r-devel-windows-x86_64-gcc10-UCRT 2.0.1 OK
r-patched-linux-x86_64 2.0.1 16.52 372.57 389.09 OK
r-patched-solaris-x86 2.0.1 221.30 OK
r-release-linux-x86_64 2.0.1 11.25 376.24 387.49 OK
r-release-macos-arm64 2.0.1 OK
r-release-macos-x86_64 2.0.1 WARN
r-release-windows-ix86+x86_64 2.0.1 21.00 461.00 482.00 OK
r-oldrel-macos-x86_64 2.0.1 WARN
r-oldrel-windows-ix86+x86_64 2.0.1 28.00 448.00 476.00 OK

Check Details

Version: 2.0.1
Check: re-building of vignette outputs
Result: WARN
    Error(s) in re-building vignettes:
     ...
    --- re-building ‘clustcurv.Rmd’ using rmarkdown
    Warning in engine$weave(file, quiet = quiet, encoding = enc) :
     Pandoc (>= 1.12.3) not available. Falling back to R Markdown v1.
    PhantomJS not found. You can install it with webshot::install_phantomjs(). If it is installed, please make sure the phantomjs executable can be found via the PATH variable.
    PhantomJS not found. You can install it with webshot::install_phantomjs(). If it is installed, please make sure the phantomjs executable can be found via the PATH variable.
    Quitting from lines 108-109 (clustcurv.Rmd)
    Error: processing vignette 'clustcurv.Rmd' failed with diagnostics:
    invalid 'path' argument
    --- failed re-building ‘clustcurv.Rmd’
    
    SUMMARY: processing the following file failed:
     ‘clustcurv.Rmd’
    
    Error: Vignette re-building failed.
    Execution halted
Flavor: r-release-macos-x86_64

Version: 2.0.1
Check: re-building of vignette outputs
Result: WARN
    Error(s) in re-building vignettes:
     ...
    --- re-building ‘clustcurv.Rmd’ using rmarkdown
    Warning in engine$weave(file, quiet = quiet, encoding = enc) :
     Pandoc (>= 1.12.3) and/or pandoc-citeproc not available. Falling back to R Markdown v1.
    PhantomJS not found. You can install it with webshot::install_phantomjs(). If it is installed, please make sure the phantomjs executable can be found via the PATH variable.
    Warning in normalizePath(f2) :
     path[1]="webshot7eeb3c1ee17e.png": No such file or directory
    Warning in file(con, "rb") :
     cannot open file 'webshot7eeb3c1ee17e.png': No such file or directory
    Quitting from lines 108-109 (clustcurv.Rmd)
    Error: processing vignette 'clustcurv.Rmd' failed with diagnostics:
    cannot open the connection
    --- failed re-building ‘clustcurv.Rmd’
    
    SUMMARY: processing the following file failed:
     ‘clustcurv.Rmd’
    
    Error: Vignette re-building failed.
    Execution halted
Flavor: r-oldrel-macos-x86_64