CRAN Package Check Results for Package clustermole

Last updated on 2021-04-11 19:52:01 CEST.

Flavor Version Tinstall Tcheck Ttotal Status Flags
r-devel-linux-x86_64-debian-clang 1.1.0 0.51 2.80 3.31 ERROR
r-devel-linux-x86_64-debian-gcc 1.1.0 49.77 516.10 565.87 NOTE
r-devel-linux-x86_64-fedora-clang 1.1.0 903.76 NOTE
r-devel-linux-x86_64-fedora-gcc 1.1.0 895.21 NOTE
r-devel-windows-ix86+x86_64 1.1.0 128.00 707.00 835.00 WARN
r-devel-windows-x86_64-gcc10-UCRT 1.1.0 NOTE
r-patched-linux-x86_64 1.1.0 48.94 510.39 559.33 OK
r-patched-solaris-x86 1.1.0 1253.70 OK
r-release-linux-x86_64 1.1.0 47.30 515.59 562.89 OK
r-release-macos-x86_64 1.1.0 OK
r-release-windows-ix86+x86_64 1.1.0 94.00 625.00 719.00 OK
r-oldrel-macos-x86_64 1.1.0 ERROR
r-oldrel-windows-ix86+x86_64 1.1.0 79.00 408.00 487.00 OK

Check Details

Version: 1.1.0
Check: package dependencies
Result: ERROR
    Packages required but not available: 'GSVA', 'singscore'
    
    See section 'The DESCRIPTION file' in the 'Writing R Extensions'
    manual.
Flavor: r-devel-linux-x86_64-debian-clang

Version: 1.1.0
Check: LazyData
Result: NOTE
     'LazyData' is specified without a 'data' directory
Flavors: r-devel-linux-x86_64-debian-gcc, r-devel-linux-x86_64-fedora-clang, r-devel-linux-x86_64-fedora-gcc, r-devel-windows-ix86+x86_64, r-devel-windows-x86_64-gcc10-UCRT

Version: 1.1.0
Check: whether package can be installed
Result: WARN
    Found the following significant warnings:
     Warning: no function found corresponding to methods exports from 'HDF5Array' for: 'write_sparse_block'
Flavor: r-devel-windows-ix86+x86_64

Version: 1.1.0
Check: package dependencies
Result: ERROR
    Package required but not available: ‘singscore’
    
    See section ‘The DESCRIPTION file’ in the ‘Writing R Extensions’
    manual.
Flavor: r-oldrel-macos-x86_64