CRAN Package Check Results for Package cocktailApp

Last updated on 2019-07-16 07:50:40 CEST.

Flavor Version Tinstall Tcheck Ttotal Status Flags
r-devel-linux-x86_64-debian-clang 0.2.1 5.89 58.15 64.04 OK
r-devel-linux-x86_64-debian-gcc 0.2.1 4.77 46.12 50.89 OK
r-devel-linux-x86_64-fedora-clang 0.2.1 79.76 NOTE
r-devel-linux-x86_64-fedora-gcc 0.2.1 78.17 NOTE
r-devel-windows-ix86+x86_64 0.2.1 25.00 121.00 146.00 OK
r-patched-linux-x86_64 0.2.1 5.91 56.80 62.71 OK
r-patched-solaris-x86 0.2.1 122.90 NOTE
r-release-linux-x86_64 0.2.1 6.06 56.73 62.79 OK
r-release-windows-ix86+x86_64 0.2.1 15.00 116.00 131.00 OK
r-release-osx-x86_64 0.2.1 NOTE
r-oldrel-windows-ix86+x86_64 0.2.1 13.00 105.00 118.00 OK
r-oldrel-osx-x86_64 0.2.1 NOTE

Check Details

Version: 0.2.1
Check: data for non-ASCII characters
Result: NOTE
     Note: found 14661 marked UTF-8 strings
Flavors: r-devel-linux-x86_64-fedora-clang, r-devel-linux-x86_64-fedora-gcc, r-patched-solaris-x86, r-release-osx-x86_64, r-oldrel-osx-x86_64