CRAN Package Check Results for Package cohorttools

Last updated on 2021-10-22 07:51:38 CEST.

Flavor Version Tinstall Tcheck Ttotal Status Flags
r-devel-linux-x86_64-debian-clang 0.1.4 10.78 101.34 112.12 NOTE
r-devel-linux-x86_64-debian-gcc 0.1.4 8.56 75.68 84.24 NOTE
r-devel-linux-x86_64-fedora-clang 0.1.4 146.60 NOTE
r-devel-linux-x86_64-fedora-gcc 0.1.4 132.85 NOTE
r-devel-windows-x86_64 0.1.4 20.00 131.00 151.00 NOTE
r-devel-windows-x86_64-gcc10-UCRT 0.1.4 ERROR
r-patched-linux-x86_64 0.1.4 17.80 94.52 112.32 NOTE
r-release-linux-x86_64 0.1.4 12.76 94.08 106.84 NOTE
r-release-macos-arm64 0.1.4 NOTE
r-release-macos-x86_64 0.1.4 NOTE
r-release-windows-ix86+x86_64 0.1.4 29.00 133.00 162.00 NOTE
r-oldrel-macos-x86_64 0.1.4 OK
r-oldrel-windows-ix86+x86_64 0.1.4 30.00 131.00 161.00 OK

Check Details

Version: 0.1.4
Check: LazyData
Result: NOTE
     'LazyData' is specified without a 'data' directory
Flavors: r-devel-linux-x86_64-debian-clang, r-devel-linux-x86_64-debian-gcc, r-devel-linux-x86_64-fedora-clang, r-devel-linux-x86_64-fedora-gcc, r-devel-windows-x86_64, r-patched-linux-x86_64, r-release-linux-x86_64, r-release-macos-arm64, r-release-macos-x86_64, r-release-windows-ix86+x86_64

Version: 0.1.4
Check: package dependencies
Result: ERROR
    Package required but not available: 'DiagrammeR'
    
    See section 'The DESCRIPTION file' in the 'Writing R Extensions'
    manual.
Flavor: r-devel-windows-x86_64-gcc10-UCRT