CRAN Package Check Results for Package colorSpec

Last updated on 2019-07-16 07:50:40 CEST.

Flavor Version Tinstall Tcheck Ttotal Status Flags
r-devel-linux-x86_64-debian-clang 1.0-1 3.17 236.08 239.25 OK
r-devel-linux-x86_64-debian-gcc 1.0-1 2.88 186.05 188.93 OK
r-devel-linux-x86_64-fedora-clang 1.0-1 295.56 NOTE
r-devel-linux-x86_64-fedora-gcc 1.0-1 290.92 OK
r-devel-windows-ix86+x86_64 1.0-1 16.00 318.00 334.00 NOTE
r-patched-linux-x86_64 1.0-1 4.31 232.44 236.75 OK
r-patched-solaris-x86 1.0-1 265.00 NOTE
r-release-linux-x86_64 1.0-1 4.24 234.26 238.50 OK
r-release-windows-ix86+x86_64 1.0-1 12.00 262.00 274.00 NOTE
r-release-osx-x86_64 1.0-1 NOTE
r-oldrel-windows-ix86+x86_64 1.0-1 15.00 198.00 213.00 NOTE
r-oldrel-osx-x86_64 1.0-1 NOTE

Check Details

Version: 1.0-1
Check: installed package size
Result: NOTE
     installed size is 5.5Mb
     sub-directories of 1Mb or more:
     doc 2.6Mb
     extdata 2.1Mb
Flavors: r-devel-linux-x86_64-fedora-clang, r-devel-windows-ix86+x86_64, r-patched-solaris-x86, r-release-windows-ix86+x86_64, r-release-osx-x86_64, r-oldrel-windows-ix86+x86_64, r-oldrel-osx-x86_64