CRAN Package Check Results for Package conStruct

Last updated on 2019-07-16 07:50:40 CEST.

Flavor Version Tinstall Tcheck Ttotal Status Flags
r-devel-linux-x86_64-debian-clang 1.0.3 357.42 97.10 454.52 NOTE
r-devel-linux-x86_64-debian-gcc 1.0.3 375.41 89.36 464.77 NOTE
r-devel-linux-x86_64-fedora-clang 1.0.3 640.37 NOTE
r-devel-linux-x86_64-fedora-gcc 1.0.3 801.50 NOTE
r-devel-windows-ix86+x86_64 1.0.3 862.00 251.00 1113.00 NOTE
r-patched-linux-x86_64 1.0.3 408.62 113.12 521.74 NOTE
r-patched-solaris-x86 1.0.3 652.10 NOTE
r-release-linux-x86_64 1.0.3 394.70 113.83 508.53 NOTE
r-release-windows-ix86+x86_64 1.0.3 636.00 195.00 831.00 NOTE
r-release-osx-x86_64 1.0.3 NOTE
r-oldrel-windows-ix86+x86_64 1.0.3 852.00 161.00 1013.00 NOTE
r-oldrel-osx-x86_64 1.0.3 NOTE

Check Details

Version: 1.0.3
Check: for GNU extensions in Makefiles
Result: NOTE
    GNU make is a SystemRequirements.
Flavors: r-devel-linux-x86_64-debian-clang, r-devel-linux-x86_64-debian-gcc, r-devel-linux-x86_64-fedora-clang, r-devel-linux-x86_64-fedora-gcc, r-devel-windows-ix86+x86_64, r-patched-linux-x86_64, r-patched-solaris-x86, r-release-linux-x86_64, r-release-windows-ix86+x86_64, r-release-osx-x86_64, r-oldrel-windows-ix86+x86_64, r-oldrel-osx-x86_64

Version: 1.0.3
Check: installed package size
Result: NOTE
     installed size is 61.1Mb
     sub-directories of 1Mb or more:
     libs 59.9Mb
Flavors: r-devel-linux-x86_64-fedora-clang, r-devel-windows-ix86+x86_64, r-patched-solaris-x86, r-release-windows-ix86+x86_64, r-release-osx-x86_64, r-oldrel-windows-ix86+x86_64, r-oldrel-osx-x86_64