CRAN Package Check Results for Package conjoint

Last updated on 2019-07-16 07:50:40 CEST.

Flavor Version Tinstall Tcheck Ttotal Status Flags
r-devel-linux-x86_64-debian-clang 1.41 10.01 107.45 117.46 NOTE
r-devel-linux-x86_64-debian-gcc 1.41 7.22 82.31 89.53 NOTE
r-devel-linux-x86_64-fedora-clang 1.41 134.20 NOTE
r-devel-linux-x86_64-fedora-gcc 1.41 133.41 NOTE
r-devel-windows-ix86+x86_64 1.41 32.00 181.00 213.00 OK
r-patched-linux-x86_64 1.41 8.14 107.06 115.20 OK
r-patched-solaris-x86 1.41 201.10 OK
r-release-linux-x86_64 1.41 7.49 105.31 112.80 OK
r-release-windows-ix86+x86_64 1.41 23.00 183.00 206.00 OK
r-release-osx-x86_64 1.41 OK
r-oldrel-windows-ix86+x86_64 1.41 20.00 127.00 147.00 OK
r-oldrel-osx-x86_64 1.41 OK

Check Details

Version: 1.41
Check: for non-standard things in the check directory
Result: NOTE
    Found the following files/directories:
     'design_names.csv' 'design_numbers.csv'
     'encoded_orthogonal_factorial_design.csv'
     'orthogonal_factorial_design.csv'
Flavors: r-devel-linux-x86_64-debian-clang, r-devel-linux-x86_64-debian-gcc, r-devel-linux-x86_64-fedora-clang, r-devel-linux-x86_64-fedora-gcc