CRAN Package Check Results for Package controlTest

Last updated on 2021-10-21 07:49:50 CEST.

Flavor Version Tinstall Tcheck Ttotal Status Flags
r-devel-linux-x86_64-debian-clang 1.1.0 7.75 60.66 68.41 NOTE
r-devel-linux-x86_64-debian-gcc 1.1.0 5.31 46.93 52.24 NOTE
r-devel-linux-x86_64-fedora-clang 1.1.0 98.82 NOTE
r-devel-linux-x86_64-fedora-gcc 1.1.0 84.27 NOTE
r-devel-windows-x86_64 1.1.0 10.00 83.00 93.00 NOTE
r-devel-windows-x86_64-gcc10-UCRT 1.1.0 NOTE
r-patched-linux-x86_64 1.1.0 6.91 58.90 65.81 NOTE
r-patched-solaris-x86 1.1.0 119.30 NOTE
r-release-linux-x86_64 1.1.0 7.06 58.97 66.03 NOTE
r-release-macos-arm64 1.1.0 NOTE
r-release-macos-x86_64 1.1.0 NOTE
r-release-windows-ix86+x86_64 1.1.0 13.00 83.00 96.00 NOTE
r-oldrel-macos-x86_64 1.1.0 OK
r-oldrel-windows-ix86+x86_64 1.1.0 17.00 80.00 97.00 OK

Check Details

Version: 1.1.0
Check: LazyData
Result: NOTE
     'LazyData' is specified without a 'data' directory
Flavors: r-devel-linux-x86_64-debian-clang, r-devel-linux-x86_64-debian-gcc, r-devel-linux-x86_64-fedora-clang, r-devel-linux-x86_64-fedora-gcc, r-devel-windows-x86_64, r-devel-windows-x86_64-gcc10-UCRT, r-patched-linux-x86_64, r-patched-solaris-x86, r-release-linux-x86_64, r-release-macos-arm64, r-release-macos-x86_64, r-release-windows-ix86+x86_64