CRAN Package Check Results for Package crrp

Last updated on 2021-10-17 19:48:28 CEST.

Flavor Version Tinstall Tcheck Ttotal Status Flags
r-devel-linux-x86_64-debian-clang 1.0 10.13 63.02 73.15 NOTE
r-devel-linux-x86_64-debian-gcc 1.0 7.16 48.99 56.15 NOTE
r-devel-linux-x86_64-fedora-clang 1.0 99.07 NOTE
r-devel-linux-x86_64-fedora-gcc 1.0 84.67 NOTE
r-devel-windows-x86_64 1.0 14.00 86.00 100.00 NOTE
r-devel-windows-x86_64-gcc10-UCRT 1.0 NOTE
r-patched-linux-x86_64 1.0 9.32 62.12 71.44 NOTE
r-patched-solaris-x86 1.0 128.00 NOTE
r-release-linux-x86_64 1.0 8.62 62.09 70.71 NOTE
r-release-macos-arm64 1.0 NOTE
r-release-macos-x86_64 1.0 NOTE
r-release-windows-ix86+x86_64 1.0 15.00 110.00 125.00 NOTE
r-oldrel-macos-x86_64 1.0 NOTE
r-oldrel-windows-ix86+x86_64 1.0 21.00 114.00 135.00 NOTE

Additional issues

rchk

Check Details

Version: 1.0
Check: R code for possible problems
Result: NOTE
    crrp: no visible global function definition for 'approx'
    gcrrp: no visible global function definition for 'approx'
    Undefined global functions or variables:
     approx
    Consider adding
     importFrom("stats", "approx")
    to your NAMESPACE file.
Flavors: r-devel-linux-x86_64-debian-clang, r-devel-linux-x86_64-debian-gcc, r-devel-linux-x86_64-fedora-clang, r-devel-linux-x86_64-fedora-gcc, r-devel-windows-x86_64, r-devel-windows-x86_64-gcc10-UCRT, r-patched-linux-x86_64, r-patched-solaris-x86, r-release-linux-x86_64, r-release-macos-arm64, r-release-macos-x86_64, r-release-windows-ix86+x86_64, r-oldrel-macos-x86_64, r-oldrel-windows-ix86+x86_64

Version: 1.0
Check: compiled code
Result: NOTE
    File ‘crrp/libs/crrp.so’:
     Found no calls to: ‘R_registerRoutines’, ‘R_useDynamicSymbols’
    
    It is good practice to register native routines and to disable symbol
    search.
    
    See ‘Writing portable packages’ in the ‘Writing R Extensions’ manual.
Flavors: r-devel-linux-x86_64-fedora-clang, r-devel-linux-x86_64-fedora-gcc