CRAN Package Check Results for Package csampling

Last updated on 2021-10-19 07:49:32 CEST.

Flavor Version Tinstall Tcheck Ttotal Status Flags
r-devel-linux-x86_64-debian-clang 1.2-2.1 7.86 61.54 69.40 NOTE
r-devel-linux-x86_64-debian-gcc 1.2-2.1 6.75 48.05 54.80 NOTE
r-devel-linux-x86_64-fedora-clang 1.2-2.1 96.30 NOTE
r-devel-linux-x86_64-fedora-gcc 1.2-2.1 84.07 NOTE
r-devel-windows-x86_64 1.2-2.1 11.00 80.00 91.00 NOTE
r-devel-windows-x86_64-gcc10-UCRT 1.2-2.1 NOTE
r-patched-linux-x86_64 1.2-2.1 8.30 60.41 68.71 NOTE
r-patched-solaris-x86 1.2-2.1 131.40 NOTE
r-release-linux-x86_64 1.2-2.1 8.83 59.83 68.66 NOTE
r-release-macos-arm64 1.2-2.1 NOTE
r-release-macos-x86_64 1.2-2.1 NOTE
r-release-windows-ix86+x86_64 1.2-2.1 12.00 82.00 94.00 NOTE
r-oldrel-macos-x86_64 1.2-2.1 OK
r-oldrel-windows-ix86+x86_64 1.2-2.1 18.00 80.00 98.00 OK

Check Details

Version: 1.2-2.1
Check: LazyData
Result: NOTE
     'LazyData' is specified without a 'data' directory
Flavors: r-devel-linux-x86_64-debian-clang, r-devel-linux-x86_64-debian-gcc, r-devel-linux-x86_64-fedora-clang, r-devel-linux-x86_64-fedora-gcc, r-devel-windows-x86_64, r-devel-windows-x86_64-gcc10-UCRT, r-patched-linux-x86_64, r-patched-solaris-x86, r-release-linux-x86_64, r-release-macos-arm64, r-release-macos-x86_64, r-release-windows-ix86+x86_64