CRAN Package Check Results for Package csp

Last updated on 2019-07-16 07:50:41 CEST.

Flavor Version Tinstall Tcheck Ttotal Status Flags
r-devel-linux-x86_64-debian-clang 0.1.0 121.07 173.16 294.23 OK
r-devel-linux-x86_64-debian-gcc 0.1.0 104.79 147.71 252.50 OK
r-devel-linux-x86_64-fedora-clang 0.1.0 388.24 NOTE
r-devel-linux-x86_64-fedora-gcc 0.1.0 396.61 NOTE
r-devel-windows-ix86+x86_64 0.1.0 215.00 233.00 448.00 NOTE
r-patched-linux-x86_64 0.1.0 121.50 176.15 297.65 OK
r-patched-solaris-x86 0.1.0 280.80 ERROR
r-release-linux-x86_64 0.1.0 117.79 172.85 290.64 OK
r-release-windows-ix86+x86_64 0.1.0 191.00 237.00 428.00 NOTE
r-release-osx-x86_64 0.1.0 NOTE
r-oldrel-windows-ix86+x86_64 0.1.0 211.00 190.00 401.00 NOTE
r-oldrel-osx-x86_64 0.1.0 NOTE

Check Details

Version: 0.1.0
Check: installed package size
Result: NOTE
     installed size is 11.0Mb
     sub-directories of 1Mb or more:
     data 10.9Mb
Flavors: r-devel-linux-x86_64-fedora-clang, r-devel-windows-ix86+x86_64, r-release-windows-ix86+x86_64, r-release-osx-x86_64, r-oldrel-windows-ix86+x86_64, r-oldrel-osx-x86_64

Version: 0.1.0
Check: data for non-ASCII characters
Result: NOTE
     Note: found 59670 marked Latin-1 strings
     Note: found 16 marked UTF-8 strings
Flavors: r-devel-linux-x86_64-fedora-clang, r-devel-linux-x86_64-fedora-gcc, r-release-osx-x86_64, r-oldrel-osx-x86_64

Version: 0.1.0
Check: whether package can be installed
Result: ERROR
    Installation failed.
Flavor: r-patched-solaris-x86