CRAN Package Check Results for Package cutoff

Last updated on 2021-10-17 19:48:29 CEST.

Flavor Version Tinstall Tcheck Ttotal Status Flags
r-devel-linux-x86_64-debian-clang 1.3 3.07 30.26 33.33 NOTE
r-devel-linux-x86_64-debian-gcc 1.3 1.90 23.87 25.77 NOTE
r-devel-linux-x86_64-fedora-clang 1.3 50.75 NOTE
r-devel-linux-x86_64-fedora-gcc 1.3 39.81 NOTE
r-devel-windows-x86_64 1.3 5.00 49.00 54.00 NOTE
r-devel-windows-x86_64-gcc10-UCRT 1.3 NOTE
r-patched-linux-x86_64 1.3 2.90 29.33 32.23 NOTE
r-patched-solaris-x86 1.3 59.30 NOTE
r-release-linux-x86_64 1.3 2.67 29.54 32.21 NOTE
r-release-macos-arm64 1.3 NOTE
r-release-macos-x86_64 1.3 NOTE
r-release-windows-ix86+x86_64 1.3 10.00 51.00 61.00 NOTE
r-oldrel-macos-x86_64 1.3 OK
r-oldrel-windows-ix86+x86_64 1.3 6.00 51.00 57.00 OK

Check Details

Version: 1.3
Check: LazyData
Result: NOTE
     'LazyData' is specified without a 'data' directory
Flavors: r-devel-linux-x86_64-debian-clang, r-devel-linux-x86_64-debian-gcc, r-devel-linux-x86_64-fedora-clang, r-devel-linux-x86_64-fedora-gcc, r-devel-windows-x86_64, r-devel-windows-x86_64-gcc10-UCRT, r-patched-linux-x86_64, r-patched-solaris-x86, r-release-linux-x86_64, r-release-macos-arm64, r-release-macos-x86_64, r-release-windows-ix86+x86_64