CRAN Package Check Results for Package dcminfo

Last updated on 2019-07-16 07:50:42 CEST.

Flavor Version Tinstall Tcheck Ttotal Status Flags
r-devel-linux-x86_64-debian-clang 0.1.7 2.23 26.49 28.72 OK
r-devel-linux-x86_64-debian-gcc 0.1.7 1.68 21.28 22.96 OK
r-devel-linux-x86_64-fedora-clang 0.1.7 34.52 NOTE
r-devel-linux-x86_64-fedora-gcc 0.1.7 32.81 NOTE
r-devel-windows-ix86+x86_64 0.1.7 7.00 55.00 62.00 OK
r-patched-linux-x86_64 0.1.7 2.27 26.58 28.85 OK
r-patched-solaris-x86 0.1.7 56.70 NOTE
r-release-linux-x86_64 0.1.7 2.00 26.04 28.04 OK
r-release-windows-ix86+x86_64 0.1.7 4.00 55.00 59.00 OK
r-release-osx-x86_64 0.1.7 NOTE
r-oldrel-windows-ix86+x86_64 0.1.7 5.00 38.00 43.00 OK
r-oldrel-osx-x86_64 0.1.7 NOTE

Check Details

Version: 0.1.7
Check: dependencies in R code
Result: NOTE
    Namespace in Imports field not imported from: ‘CDM’
     All declared Imports should be used.
Flavors: r-devel-linux-x86_64-fedora-clang, r-devel-linux-x86_64-fedora-gcc, r-patched-solaris-x86, r-release-osx-x86_64, r-oldrel-osx-x86_64