CRAN Package Check Results for Package desctable

Last updated on 2021-10-16 07:49:03 CEST.

Flavor Version Tinstall Tcheck Ttotal Status Flags
r-devel-linux-x86_64-debian-clang 0.1.9 5.89 57.29 63.18 NOTE
r-devel-linux-x86_64-debian-gcc 0.1.9 4.63 43.03 47.66 NOTE
r-devel-linux-x86_64-fedora-clang 0.1.9 85.99 NOTE
r-devel-linux-x86_64-fedora-gcc 0.1.9 72.88 NOTE
r-devel-windows-x86_64 0.1.9 10.00 62.00 72.00 NOTE
r-devel-windows-x86_64-gcc10-UCRT 0.1.9 NOTE
r-patched-linux-x86_64 0.1.9 9.01 53.46 62.47 NOTE
r-patched-solaris-x86 0.1.9 107.30 NOTE
r-release-linux-x86_64 0.1.9 5.05 53.03 58.08 NOTE
r-release-macos-arm64 0.1.9 NOTE
r-release-macos-x86_64 0.1.9 NOTE
r-release-windows-ix86+x86_64 0.1.9 14.00 79.00 93.00 NOTE
r-oldrel-macos-x86_64 0.1.9 OK
r-oldrel-windows-ix86+x86_64 0.1.9 14.00 81.00 95.00 OK

Check Details

Version: 0.1.9
Check: LazyData
Result: NOTE
     'LazyData' is specified without a 'data' directory
Flavors: r-devel-linux-x86_64-debian-clang, r-devel-linux-x86_64-debian-gcc, r-devel-linux-x86_64-fedora-clang, r-devel-linux-x86_64-fedora-gcc, r-devel-windows-x86_64, r-devel-windows-x86_64-gcc10-UCRT, r-patched-linux-x86_64, r-patched-solaris-x86, r-release-linux-x86_64, r-release-macos-arm64, r-release-macos-x86_64, r-release-windows-ix86+x86_64

Version: 0.1.9
Check: Rd cross-references
Result: NOTE
    Undeclared package ‘htmlwidgets’ in Rd xrefs
Flavor: r-devel-linux-x86_64-fedora-clang