CRAN Package Check Results for Package diversityForest

Last updated on 2021-10-26 06:50:20 CEST.

Flavor Version Tinstall Tcheck Ttotal Status Flags
r-devel-linux-x86_64-debian-clang 0.3.1 145.59 121.83 267.42 NOTE
r-devel-linux-x86_64-debian-gcc 0.3.1 113.42 90.14 203.56 NOTE
r-devel-linux-x86_64-fedora-clang 0.3.1 392.96 NOTE
r-devel-linux-x86_64-fedora-gcc 0.3.1 352.29 NOTE
r-devel-windows-x86_64 0.3.1 190.00 158.00 348.00 NOTE
r-devel-windows-x86_64-gcc10-UCRT 0.3.1 NOTE
r-patched-linux-x86_64 0.3.1 133.43 114.65 248.08 NOTE
r-patched-solaris-x86 0.3.1 372.50 NOTE
r-release-linux-x86_64 0.3.1 136.46 114.21 250.67 NOTE
r-release-macos-arm64 0.3.1 NOTE
r-release-macos-x86_64 0.3.1 NOTE
r-release-windows-ix86+x86_64 0.3.1 261.00 217.00 478.00 NOTE
r-oldrel-macos-x86_64 0.3.1 NOTE
r-oldrel-windows-ix86+x86_64 0.3.1 367.00 209.00 576.00 NOTE

Check Details

Version: 0.3.1
Check: package dependencies
Result: NOTE
    Package suggested but not available for checking: 'BOLTSSIRR'
Flavors: r-devel-linux-x86_64-debian-clang, r-devel-linux-x86_64-debian-gcc, r-devel-linux-x86_64-fedora-clang, r-devel-linux-x86_64-fedora-gcc, r-devel-windows-x86_64, r-devel-windows-x86_64-gcc10-UCRT, r-patched-linux-x86_64, r-patched-solaris-x86, r-release-linux-x86_64, r-release-macos-arm64, r-release-macos-x86_64, r-release-windows-ix86+x86_64, r-oldrel-macos-x86_64, r-oldrel-windows-ix86+x86_64

Version: 0.3.1
Check: installed package size
Result: NOTE
     installed size is 8.5Mb
     sub-directories of 1Mb or more:
     libs 8.1Mb
Flavors: r-devel-linux-x86_64-fedora-clang, r-release-macos-arm64, r-release-macos-x86_64, r-oldrel-macos-x86_64