CRAN Package Check Results for Package dnet

Last updated on 2021-10-26 06:50:20 CEST.

Flavor Version Tinstall Tcheck Ttotal Status Flags
r-devel-linux-x86_64-debian-clang 1.1.7 19.06 172.67 191.73 OK
r-devel-linux-x86_64-debian-gcc 1.1.7 16.63 125.86 142.49 OK
r-devel-linux-x86_64-fedora-clang 1.1.7 239.91 OK
r-devel-linux-x86_64-fedora-gcc 1.1.7 227.04 OK
r-devel-windows-x86_64 1.1.7 32.00 208.00 240.00 OK
r-devel-windows-x86_64-gcc10-UCRT 1.1.7 OK
r-patched-linux-x86_64 1.1.7 18.92 162.57 181.49 OK
r-patched-solaris-x86 1.1.7 299.30 OK
r-release-linux-x86_64 1.1.7 19.67 162.51 182.18 OK
r-release-macos-arm64 1.1.7 ERROR
r-release-macos-x86_64 1.1.7 OK
r-release-windows-ix86+x86_64 1.1.7 35.00 177.00 212.00 OK
r-oldrel-macos-x86_64 1.1.7 OK
r-oldrel-windows-ix86+x86_64 1.1.7 43.00 199.00 242.00 OK

Check Details

Version: 1.1.7
Check: package dependencies
Result: ERROR
    Package required but not available: ‘supraHex’
    
    See section ‘The DESCRIPTION file’ in the ‘Writing R Extensions’
    manual.
Flavor: r-release-macos-arm64