CRAN Package Check Results for Package dslabs

Last updated on 2019-07-16 07:50:43 CEST.

Flavor Version Tinstall Tcheck Ttotal Status Flags
r-devel-linux-x86_64-debian-clang 0.7.0 4.24 24.40 28.64 OK
r-devel-linux-x86_64-debian-gcc 0.7.1 3.55 19.25 22.80 OK
r-devel-linux-x86_64-fedora-clang 0.7.1 27.33 NOTE
r-devel-linux-x86_64-fedora-gcc 0.7.1 26.37 NOTE
r-devel-windows-ix86+x86_64 0.7.1 13.00 50.00 63.00 OK
r-patched-linux-x86_64 0.7.1 4.04 24.10 28.14 OK
r-patched-solaris-x86 0.7.1 50.70 NOTE
r-release-linux-x86_64 0.7.0 3.80 24.07 27.87 OK
r-release-windows-ix86+x86_64 0.7.0 7.00 63.00 70.00 OK
r-release-osx-x86_64 0.7.1 NOTE
r-oldrel-windows-ix86+x86_64 0.7.1 6.00 43.00 49.00 OK
r-oldrel-osx-x86_64 0.7.1 NOTE

Check Details

Version: 0.7.1
Check: data for non-ASCII characters
Result: NOTE
     Note: found 4891 marked UTF-8 strings
Flavors: r-devel-linux-x86_64-fedora-clang, r-devel-linux-x86_64-fedora-gcc, r-patched-solaris-x86, r-release-osx-x86_64, r-oldrel-osx-x86_64

Version: 0.7.1
Check: installed package size
Result: NOTE
     installed size is 5.0Mb
     sub-directories of 1Mb or more:
     data 4.0Mb
Flavor: r-patched-solaris-x86