CRAN Package Check Results for Package dynamac

Last updated on 2019-07-16 07:50:43 CEST.

Flavor Version Tinstall Tcheck Ttotal Status Flags
r-devel-linux-x86_64-debian-clang 0.1.8 5.77 37.54 43.31 NOTE
r-devel-linux-x86_64-debian-gcc 0.1.8 5.61 30.76 36.37 NOTE
r-devel-linux-x86_64-fedora-clang 0.1.8 54.33 OK
r-devel-linux-x86_64-fedora-gcc 0.1.8 55.59 OK
r-devel-windows-ix86+x86_64 0.1.8 13.00 106.00 119.00 OK
r-patched-linux-x86_64 0.1.8 5.27 37.55 42.82 OK
r-patched-solaris-x86 0.1.8 74.60 OK
r-release-linux-x86_64 0.1.8 6.20 37.35 43.55 OK
r-release-windows-ix86+x86_64 0.1.8 10.00 120.00 130.00 OK
r-release-osx-x86_64 0.1.8 OK
r-oldrel-windows-ix86+x86_64 0.1.8 10.00 92.00 102.00 OK
r-oldrel-osx-x86_64 0.1.8 OK

Check Details

Version: 0.1.8
Check: package vignettes
Result: NOTE
    Package vignette with placeholder title 'Vignette Title':
     'dynamac-vignette.Rmd'
Flavors: r-devel-linux-x86_64-debian-clang, r-devel-linux-x86_64-debian-gcc