CRAN Package Check Results for Package dynpred

Last updated on 2021-10-17 19:48:30 CEST.

Flavor Version Tinstall Tcheck Ttotal Status Flags
r-devel-linux-x86_64-debian-clang 0.1.2 8.62 84.11 92.73 OK
r-devel-linux-x86_64-debian-gcc 0.1.2 7.21 64.34 71.55 OK
r-devel-linux-x86_64-fedora-clang 0.1.2 123.80 NOTE
r-devel-linux-x86_64-fedora-gcc 0.1.2 110.57 NOTE
r-devel-windows-x86_64 0.1.2 13.00 115.00 128.00 OK
r-devel-windows-x86_64-gcc10-UCRT 0.1.2 OK
r-patched-linux-x86_64 0.1.2 9.16 82.56 91.72 OK
r-patched-solaris-x86 0.1.2 161.20 OK
r-release-linux-x86_64 0.1.2 8.90 81.97 90.87 OK
r-release-macos-arm64 0.1.2 OK
r-release-macos-x86_64 0.1.2 OK
r-release-windows-ix86+x86_64 0.1.2 16.00 163.00 179.00 OK
r-oldrel-macos-x86_64 0.1.2 OK
r-oldrel-windows-ix86+x86_64 0.1.2 21.00 165.00 186.00 OK

Check Details

Version: 0.1.2
Check: compiled code
Result: NOTE
    File ‘dynpred/libs/dynpred.so’:
     Found no calls to: ‘R_registerRoutines’, ‘R_useDynamicSymbols’
    
    It is good practice to register native routines and to disable symbol
    search.
    
    See ‘Writing portable packages’ in the ‘Writing R Extensions’ manual.
Flavors: r-devel-linux-x86_64-fedora-clang, r-devel-linux-x86_64-fedora-gcc