CRAN Package Check Results for Package dynsurv

Last updated on 2021-10-26 06:50:21 CEST.

Flavor Version Tinstall Tcheck Ttotal Status Flags
r-devel-linux-x86_64-debian-clang 0.4-2 43.94 91.53 135.47 OK
r-devel-linux-x86_64-debian-gcc 0.4-2 30.67 68.54 99.21 OK
r-devel-linux-x86_64-fedora-clang 0.4-2 189.04 OK
r-devel-linux-x86_64-fedora-gcc 0.4-2 159.02 OK
r-devel-windows-x86_64 0.4-2 45.00 130.00 175.00 OK
r-devel-windows-x86_64-gcc10-UCRT 0.4-2 OK
r-patched-linux-x86_64 0.4-2 36.87 86.31 123.18 OK
r-patched-solaris-x86 0.4-2 221.00 OK
r-release-linux-x86_64 0.4-2 35.31 85.59 120.90 OK
r-release-macos-arm64 0.4-2 NOTE
r-release-macos-x86_64 0.4-2 NOTE
r-release-windows-ix86+x86_64 0.4-2 62.00 156.00 218.00 OK
r-oldrel-macos-x86_64 0.4-2 NOTE
r-oldrel-windows-ix86+x86_64 0.4-2 82.00 168.00 250.00 OK

Check Details

Version: 0.4-2
Check: installed package size
Result: NOTE
     installed size is 7.1Mb
     sub-directories of 1Mb or more:
     libs 6.9Mb
Flavors: r-release-macos-arm64, r-release-macos-x86_64, r-oldrel-macos-x86_64