CRAN Package Check Results for Package ePCR

Last updated on 2021-10-24 07:57:17 CEST.

Flavor Version Tinstall Tcheck Ttotal Status Flags
r-devel-linux-x86_64-debian-clang 0.9.9-11 14.43 115.98 130.41 OK
r-devel-linux-x86_64-debian-gcc 0.9.9-11 10.45 88.08 98.53 OK
r-devel-linux-x86_64-fedora-clang 0.9.9-11 168.09 NOTE
r-devel-linux-x86_64-fedora-gcc 0.9.9-11 158.06 OK
r-devel-windows-x86_64 0.9.9-11 24.00 167.00 191.00 OK
r-devel-windows-x86_64-gcc10-UCRT 0.9.9-11 OK
r-patched-linux-x86_64 0.9.9-11 14.43 112.34 126.77 OK
r-patched-solaris-x86 0.9.9-11 228.40 NOTE
r-release-linux-x86_64 0.9.9-11 13.74 113.70 127.44 OK
r-release-macos-arm64 0.9.9-11 OK
r-release-macos-x86_64 0.9.9-11 OK
r-release-windows-ix86+x86_64 0.9.9-11 21.00 145.00 166.00 OK
r-oldrel-macos-x86_64 0.9.9-11 OK
r-oldrel-windows-ix86+x86_64 0.9.9-11 30.00 156.00 186.00 OK

Check Details

Version: 0.9.9-11
Check: installed package size
Result: NOTE
     installed size is 5.0Mb
     sub-directories of 1Mb or more:
     data 4.3Mb
Flavors: r-devel-linux-x86_64-fedora-clang, r-patched-solaris-x86