CRAN Package Check Results for Package ecoengine

Last updated on 2019-07-16 07:50:43 CEST.

Flavor Version Tinstall Tcheck Ttotal Status Flags
r-devel-linux-x86_64-debian-clang 1.11.0 5.43 39.55 44.98 OK
r-devel-linux-x86_64-debian-gcc 1.11.0 4.58 31.35 35.93 OK
r-devel-linux-x86_64-fedora-clang 1.11.0 54.45 NOTE
r-devel-linux-x86_64-fedora-gcc 1.11.0 55.97 NOTE
r-devel-windows-ix86+x86_64 1.11.0 20.00 95.00 115.00 OK
r-patched-linux-x86_64 1.11.0 5.03 38.03 43.06 OK
r-patched-solaris-x86 1.11.0 86.20 NOTE
r-release-linux-x86_64 1.11.0 4.58 37.48 42.06 OK
r-release-windows-ix86+x86_64 1.11.0 13.00 85.00 98.00 OK
r-release-osx-x86_64 1.11.0 NOTE
r-oldrel-windows-ix86+x86_64 1.11.0 10.00 79.00 89.00 OK
r-oldrel-osx-x86_64 1.11.0 NOTE

Check Details

Version: 1.11.0
Check: dependencies in R code
Result: NOTE
    Namespace in Imports field not imported from: ‘magrittr’
     All declared Imports should be used.
Flavors: r-devel-linux-x86_64-fedora-clang, r-devel-linux-x86_64-fedora-gcc, r-patched-solaris-x86, r-release-osx-x86_64, r-oldrel-osx-x86_64